{"id":726,"date":"2019-01-21T19:42:50","date_gmt":"2019-01-21T19:42:50","guid":{"rendered":"http:\/\/www.peltolaracingservice.fi\/?post_type=product&#038;p=726"},"modified":"2019-01-21T19:54:41","modified_gmt":"2019-01-21T19:54:41","slug":"bos-shock-85-for-ktm-hva-kx","status":"publish","type":"product","link":"https:\/\/www.peltolaracingservice.fi\/?product=bos-shock-85-for-ktm-hva-kx","title":{"rendered":"BOS SHOCK 85 for KTM, HVA, KX"},"content":{"rendered":"<p>Factory shock from Bos. This make the real difference.<\/p>\n<div>\n<p>A\u00a0<strong>Motocross bikes<\/strong>\u00a0need everything. Stiffness for big hills and long jumps but also softness for traction in the small bumpy tracks. Add to this\u00a0<strong>Supercross, Rallye, Enduro, mud, sand<\/strong>and you have the nightmare of every riders.<\/p>\n<\/div>\n<div>You don\u2019t need to worry anymore: we tested our\u00a0<strong>shocks<\/strong>\u00a0and\u00a0<strong>forks<\/strong>\u00a0with every bikes, at every levels, on every tracks to allow you to stay loose and fast.<\/div>\n<p>&nbsp;<\/p>\n<p>We can give you the full support of adjusting the suspensions &amp; service.<\/p>\n<p>Jokainen BOS vaimennin tehd\u00e4\u00e4n kuljettajakohtaisesti.<\/p>\n<p>Tulemme sovitusti radalle tekem\u00e4\u00e4n s\u00e4\u00e4t\u00f6ty\u00f6t\u00e4<\/p>\n<p>https:\/\/www.mxgp.com\/news\/bos-gp-goes-green<\/p>\n","protected":false},"excerpt":{"rendered":"<p>Factory shock from Bos. This make the real difference. A\u00a0Motocross bikes\u00a0need everything. Stiffness for big hills and long jumps but also softness for traction in the small bumpy tracks. Add to this\u00a0Supercross, Rallye, Enduro, mud, sandand you have the nightmare of every riders. You don\u2019t need to worry anymore: we tested our\u00a0shocks\u00a0and\u00a0forks\u00a0with every bikes, at [&hellip;]<\/p>\n","protected":false},"featured_media":727,"comment_status":"closed","ping_status":"closed","template":"","meta":[],"product_cat":[18],"product_tag":[38,41,39,40],"yoast_head":"<!-- This site is optimized with the Yoast SEO plugin v20.10 - https:\/\/yoast.com\/wordpress\/plugins\/seo\/ -->\n<title>BOS SHOCK 85 for KTM, HVA, KX - Peltola Racing Service iskunvaimentimet<\/title>\n<meta name=\"robots\" content=\"index, follow, max-snippet:-1, max-image-preview:large, max-video-preview:-1\" \/>\n<link rel=\"canonical\" href=\"https:\/\/www.peltolaracingservice.fi\/?product=bos-shock-85-for-ktm-hva-kx\" \/>\n<meta property=\"og:locale\" content=\"fi_FI\" \/>\n<meta property=\"og:type\" content=\"article\" \/>\n<meta property=\"og:title\" content=\"BOS SHOCK 85 for KTM, HVA, KX - Peltola Racing Service iskunvaimentimet\" \/>\n<meta property=\"og:description\" content=\"Factory shock from Bos. This make the real difference. A\u00a0Motocross bikes\u00a0need everything. Stiffness for big hills and long jumps but also softness for traction in the small bumpy tracks. Add to this\u00a0Supercross, Rallye, Enduro, mud, sandand you have the nightmare of every riders. You don\u2019t need to worry anymore: we tested our\u00a0shocks\u00a0and\u00a0forks\u00a0with every bikes, at [&hellip;]\" \/>\n<meta property=\"og:url\" content=\"https:\/\/www.peltolaracingservice.fi\/?product=bos-shock-85-for-ktm-hva-kx\" \/>\n<meta property=\"og:site_name\" content=\"Peltola Racing Service iskunvaimentimet\" \/>\n<meta property=\"article:publisher\" content=\"https:\/\/www.facebook.com\/peltolaracingservice\/\" \/>\n<meta property=\"article:modified_time\" content=\"2019-01-21T19:54:41+00:00\" \/>\n<meta property=\"og:image\" content=\"https:\/\/www.peltolaracingservice.fi\/wp-content\/uploads\/2019\/01\/d6a3464f-6acd-49da-86a5-97bcf3191129.jpg\" \/>\n\t<meta property=\"og:image:width\" content=\"768\" \/>\n\t<meta property=\"og:image:height\" content=\"1024\" \/>\n\t<meta property=\"og:image:type\" content=\"image\/jpeg\" \/>\n<meta name=\"twitter:card\" content=\"summary_large_image\" \/>\n<meta name=\"twitter:label1\" content=\"Arvioitu lukuaika\" \/>\n\t<meta name=\"twitter:data1\" content=\"1 minuutti\" \/>\n<script type=\"application\/ld+json\" class=\"yoast-schema-graph\">{\"@context\":\"https:\/\/schema.org\",\"@graph\":[{\"@type\":\"WebPage\",\"@id\":\"https:\/\/www.peltolaracingservice.fi\/?product=bos-shock-85-for-ktm-hva-kx\",\"url\":\"https:\/\/www.peltolaracingservice.fi\/?product=bos-shock-85-for-ktm-hva-kx\",\"name\":\"BOS SHOCK 85 for KTM, HVA, KX - Peltola Racing Service iskunvaimentimet\",\"isPartOf\":{\"@id\":\"https:\/\/www.peltolaracingservice.fi\/#website\"},\"datePublished\":\"2019-01-21T19:42:50+00:00\",\"dateModified\":\"2019-01-21T19:54:41+00:00\",\"breadcrumb\":{\"@id\":\"https:\/\/www.peltolaracingservice.fi\/?product=bos-shock-85-for-ktm-hva-kx#breadcrumb\"},\"inLanguage\":\"fi\",\"potentialAction\":[{\"@type\":\"ReadAction\",\"target\":[\"https:\/\/www.peltolaracingservice.fi\/?product=bos-shock-85-for-ktm-hva-kx\"]}]},{\"@type\":\"BreadcrumbList\",\"@id\":\"https:\/\/www.peltolaracingservice.fi\/?product=bos-shock-85-for-ktm-hva-kx#breadcrumb\",\"itemListElement\":[{\"@type\":\"ListItem\",\"position\":1,\"name\":\"Home\",\"item\":\"https:\/\/www.peltolaracingservice.fi\/\"},{\"@type\":\"ListItem\",\"position\":2,\"name\":\"Kauppa\",\"item\":\"http:\/\/www.peltolaracingservice.fi\/?page_id=4\"},{\"@type\":\"ListItem\",\"position\":3,\"name\":\"BOS SHOCK 85 for KTM, HVA, KX\"}]},{\"@type\":\"WebSite\",\"@id\":\"https:\/\/www.peltolaracingservice.fi\/#website\",\"url\":\"https:\/\/www.peltolaracingservice.fi\/\",\"name\":\"Peltola Racing Service iskunvaimentimet\",\"description\":\"\",\"publisher\":{\"@id\":\"https:\/\/www.peltolaracingservice.fi\/#organization\"},\"potentialAction\":[{\"@type\":\"SearchAction\",\"target\":{\"@type\":\"EntryPoint\",\"urlTemplate\":\"https:\/\/www.peltolaracingservice.fi\/?s={search_term_string}\"},\"query-input\":\"required name=search_term_string\"}],\"inLanguage\":\"fi\"},{\"@type\":\"Organization\",\"@id\":\"https:\/\/www.peltolaracingservice.fi\/#organization\",\"name\":\"Peltola Racing Service iskunvaimentimet\",\"url\":\"https:\/\/www.peltolaracingservice.fi\/\",\"logo\":{\"@type\":\"ImageObject\",\"inLanguage\":\"fi\",\"@id\":\"https:\/\/www.peltolaracingservice.fi\/#\/schema\/logo\/image\/\",\"url\":\"https:\/\/www.peltolaracingservice.fi\/wp-content\/uploads\/2018\/01\/cropped-N\u00e4ytt\u00f6kuva-2015-1-5-kello-20.42.49.jpg\",\"contentUrl\":\"https:\/\/www.peltolaracingservice.fi\/wp-content\/uploads\/2018\/01\/cropped-N\u00e4ytt\u00f6kuva-2015-1-5-kello-20.42.49.jpg\",\"width\":266,\"height\":110,\"caption\":\"Peltola Racing Service iskunvaimentimet\"},\"image\":{\"@id\":\"https:\/\/www.peltolaracingservice.fi\/#\/schema\/logo\/image\/\"},\"sameAs\":[\"https:\/\/www.facebook.com\/peltolaracingservice\/\"]}]}<\/script>\n<!-- \/ Yoast SEO plugin. -->","yoast_head_json":{"title":"BOS SHOCK 85 for KTM, HVA, KX - Peltola Racing Service iskunvaimentimet","robots":{"index":"index","follow":"follow","max-snippet":"max-snippet:-1","max-image-preview":"max-image-preview:large","max-video-preview":"max-video-preview:-1"},"canonical":"https:\/\/www.peltolaracingservice.fi\/?product=bos-shock-85-for-ktm-hva-kx","og_locale":"fi_FI","og_type":"article","og_title":"BOS SHOCK 85 for KTM, HVA, KX - Peltola Racing Service iskunvaimentimet","og_description":"Factory shock from Bos. This make the real difference. A\u00a0Motocross bikes\u00a0need everything. Stiffness for big hills and long jumps but also softness for traction in the small bumpy tracks. Add to this\u00a0Supercross, Rallye, Enduro, mud, sandand you have the nightmare of every riders. You don\u2019t need to worry anymore: we tested our\u00a0shocks\u00a0and\u00a0forks\u00a0with every bikes, at [&hellip;]","og_url":"https:\/\/www.peltolaracingservice.fi\/?product=bos-shock-85-for-ktm-hva-kx","og_site_name":"Peltola Racing Service iskunvaimentimet","article_publisher":"https:\/\/www.facebook.com\/peltolaracingservice\/","article_modified_time":"2019-01-21T19:54:41+00:00","og_image":[{"width":768,"height":1024,"url":"https:\/\/www.peltolaracingservice.fi\/wp-content\/uploads\/2019\/01\/d6a3464f-6acd-49da-86a5-97bcf3191129.jpg","type":"image\/jpeg"}],"twitter_card":"summary_large_image","twitter_misc":{"Arvioitu lukuaika":"1 minuutti"},"schema":{"@context":"https:\/\/schema.org","@graph":[{"@type":"WebPage","@id":"https:\/\/www.peltolaracingservice.fi\/?product=bos-shock-85-for-ktm-hva-kx","url":"https:\/\/www.peltolaracingservice.fi\/?product=bos-shock-85-for-ktm-hva-kx","name":"BOS SHOCK 85 for KTM, HVA, KX - Peltola Racing Service iskunvaimentimet","isPartOf":{"@id":"https:\/\/www.peltolaracingservice.fi\/#website"},"datePublished":"2019-01-21T19:42:50+00:00","dateModified":"2019-01-21T19:54:41+00:00","breadcrumb":{"@id":"https:\/\/www.peltolaracingservice.fi\/?product=bos-shock-85-for-ktm-hva-kx#breadcrumb"},"inLanguage":"fi","potentialAction":[{"@type":"ReadAction","target":["https:\/\/www.peltolaracingservice.fi\/?product=bos-shock-85-for-ktm-hva-kx"]}]},{"@type":"BreadcrumbList","@id":"https:\/\/www.peltolaracingservice.fi\/?product=bos-shock-85-for-ktm-hva-kx#breadcrumb","itemListElement":[{"@type":"ListItem","position":1,"name":"Home","item":"https:\/\/www.peltolaracingservice.fi\/"},{"@type":"ListItem","position":2,"name":"Kauppa","item":"http:\/\/www.peltolaracingservice.fi\/?page_id=4"},{"@type":"ListItem","position":3,"name":"BOS SHOCK 85 for KTM, HVA, KX"}]},{"@type":"WebSite","@id":"https:\/\/www.peltolaracingservice.fi\/#website","url":"https:\/\/www.peltolaracingservice.fi\/","name":"Peltola Racing Service iskunvaimentimet","description":"","publisher":{"@id":"https:\/\/www.peltolaracingservice.fi\/#organization"},"potentialAction":[{"@type":"SearchAction","target":{"@type":"EntryPoint","urlTemplate":"https:\/\/www.peltolaracingservice.fi\/?s={search_term_string}"},"query-input":"required name=search_term_string"}],"inLanguage":"fi"},{"@type":"Organization","@id":"https:\/\/www.peltolaracingservice.fi\/#organization","name":"Peltola Racing Service iskunvaimentimet","url":"https:\/\/www.peltolaracingservice.fi\/","logo":{"@type":"ImageObject","inLanguage":"fi","@id":"https:\/\/www.peltolaracingservice.fi\/#\/schema\/logo\/image\/","url":"https:\/\/www.peltolaracingservice.fi\/wp-content\/uploads\/2018\/01\/cropped-N\u00e4ytt\u00f6kuva-2015-1-5-kello-20.42.49.jpg","contentUrl":"https:\/\/www.peltolaracingservice.fi\/wp-content\/uploads\/2018\/01\/cropped-N\u00e4ytt\u00f6kuva-2015-1-5-kello-20.42.49.jpg","width":266,"height":110,"caption":"Peltola Racing Service iskunvaimentimet"},"image":{"@id":"https:\/\/www.peltolaracingservice.fi\/#\/schema\/logo\/image\/"},"sameAs":["https:\/\/www.facebook.com\/peltolaracingservice\/"]}]}},"_links":{"self":[{"href":"https:\/\/www.peltolaracingservice.fi\/index.php?rest_route=\/wp\/v2\/product\/726"}],"collection":[{"href":"https:\/\/www.peltolaracingservice.fi\/index.php?rest_route=\/wp\/v2\/product"}],"about":[{"href":"https:\/\/www.peltolaracingservice.fi\/index.php?rest_route=\/wp\/v2\/types\/product"}],"replies":[{"embeddable":true,"href":"https:\/\/www.peltolaracingservice.fi\/index.php?rest_route=%2Fwp%2Fv2%2Fcomments&post=726"}],"wp:featuredmedia":[{"embeddable":true,"href":"https:\/\/www.peltolaracingservice.fi\/index.php?rest_route=\/wp\/v2\/media\/727"}],"wp:attachment":[{"href":"https:\/\/www.peltolaracingservice.fi\/index.php?rest_route=%2Fwp%2Fv2%2Fmedia&parent=726"}],"wp:term":[{"taxonomy":"product_cat","embeddable":true,"href":"https:\/\/www.peltolaracingservice.fi\/index.php?rest_route=%2Fwp%2Fv2%2Fproduct_cat&post=726"},{"taxonomy":"product_tag","embeddable":true,"href":"https:\/\/www.peltolaracingservice.fi\/index.php?rest_route=%2Fwp%2Fv2%2Fproduct_tag&post=726"}],"curies":[{"name":"wp","href":"https:\/\/api.w.org\/{rel}","templated":true}]}}