{"id":98,"date":"2018-01-10T21:17:29","date_gmt":"2018-01-10T21:17:29","guid":{"rendered":"http:\/\/www.peltolaracingservice.fi\/?page_id=98"},"modified":"2023-10-30T16:57:13","modified_gmt":"2023-10-30T16:57:13","slug":"palvelut","status":"publish","type":"page","link":"https:\/\/www.peltolaracingservice.fi\/?page_id=98","title":{"rendered":"Palvelut"},"content":{"rendered":"<div id=\"comp-lo98240a1\" class=\"KcpHeO tz5f0K comp-lo98240a1 wixui-rich-text\" data-testid=\"richTextElement\">\r\n<h3><em><strong>The rider\u00b4s second hand\u00a0<\/strong><\/em><\/h3>\r\n<p class=\"font_7 wixui-rich-text__text\"><span class=\"wixui-rich-text__text\">Do you need help improving the suspension of your motocross bike? Suspension is a crucial factor for both safety and performance. The expert Mika Peltola from The North MX Alliance can assist you in selecting the perfect suspension system tailored to your specific needs.<\/span><\/p>\r\n<p class=\"font_7 wixui-rich-text__text\">\u00a0<\/p>\r\n<p class=\"font_7 wixui-rich-text__text\"><span class=\"wixui-rich-text__text\">You can trust Mika&#8217;s extensive expertise in the field of shock absorbers. He has conducted thorough research and development in collaboration with top Finnish and Estonian motocross athletes, who have provided valuable insights and helped Mika become an even stronger specialist in fine-tuning suspension to meet the individual needs of every rider.<\/span><\/p>\r\n<p class=\"font_7 wixui-rich-text__text\">\u00a0<\/p>\r\n<p class=\"font_7 wixui-rich-text__text\"><span class=\"wixui-rich-text__text\">Mika has received international training and continuously strives to enhance his skills. His mentors include experienced factory suspension professionals such as Lainer Suspension&#8217;s Walther Lolli and Ciro Franzon. Rest assured that Mika possesses profound knowledge of building high-performance suspension systems.<\/span><\/p>\r\n<p class=\"font_7 wixui-rich-text__text\">\u00a0<\/p>\r\n<p class=\"font_7 wixui-rich-text__text\"><span class=\"wixui-rich-text__text\">Passionate about his work, Mika approaches it with great dedication. He actively communicates with the rider and aims to establish a trusting partnership. He understands that every motocross athlete is unique and requires customized suspension. Mika takes the time to listen to the rider&#8217;s needs and goals, enabling him to provide the best possible solution and results.<\/span><\/p>\r\n<p class=\"font_7 wixui-rich-text__text\"><span class=\"wixui-rich-text__text\"><span class=\"wixGuard wixui-rich-text__text\">\u200b<\/span><\/span><\/p>\r\n<p class=\"font_7 wixui-rich-text__text\">\u00a0<\/p>\r\n<p class=\"font_7 wixui-rich-text__text\"><span class=\"wixui-rich-text__text\">FAQ:<\/span><\/p>\r\n<p class=\"font_7 wixui-rich-text__text\"><span class=\"wixui-rich-text__text\">Peltola Racing Service Oy received training in the Netherlands in 2008 and has since maintained a close collaboration with Reiger Suspension. Peltola Racing Service Oy is an authorized dealer and service provider for Reiger.<\/span><\/p>\r\n<p class=\"font_7 wixui-rich-text__text\"><span class=\"wixui-rich-text__text\">In 2013, a partnership with Adriani Group began, leading Mika to undergo off-road and road suspension training in Italy (\u00d6hlins, WP, Showa, KYB).<\/span><\/p>\r\n<p class=\"font_7 wixui-rich-text__text\"><span class=\"wixui-rich-text__text\">In 2016, Mika initiated cooperation with Lainer Suspension. Peltola Racing Service Oy is an authorized dealer and service provider for Lainer Suspension.<\/span><\/p>\r\n<p class=\"font_7 wixui-rich-text__text\"><span class=\"wixui-rich-text__text\">In 2017, Mika received training on Beta suspension from the Beta factory team. Mika also collaborates with Technical Touch.<\/span><\/p>\r\n<p class=\"font_7 wixui-rich-text__text\"><span class=\"wixui-rich-text__text\">Since 2021 and 2022, Mika has served as the suspension expert for Silve Racing team.<\/span><\/p>\r\n<p class=\"font_7 wixui-rich-text__text\"><a href=\"https:\/\/www.northmxalliance.fi\/\"><span class=\"wixui-rich-text__text\"><span class=\"wixGuard wixui-rich-text__text\">The North Mx Alliance\u200b<\/span><\/span><\/a><\/p>\r\n<p>&nbsp;<\/p>\r\n<p class=\"font_7 wixui-rich-text__text\">Track record:<br class=\"wixui-rich-text__text\" \/>2023 Sampo Rainio Finnish Championship MX2<br class=\"wixui-rich-text__text\" \/>2023 Hanna Mertsalmi Finnish championship MXD<\/p>\r\n<p class=\"font_7 wixui-rich-text__text\">2022 Jere Haavisto Finnish championship MX1<br class=\"wixui-rich-text__text\" \/>2022 Indrek M\u00e4gi Swedish championship series 3. MX1<\/p>\r\n<p class=\"font_7 wixui-rich-text__text\">2021 Saku Mansikkam\u00e4ki Finnish championship MX85<\/p>\r\n<p class=\"font_7 wixui-rich-text__text\">2020 Viktor Lepp\u00e4l\u00e4 Finnish championship MX65<br class=\"wixui-rich-text__text\" \/>2020 Saku Mansikkam\u00e4ki SM MX85 2.<br class=\"wixui-rich-text__text\" \/>2019 Hanna Mertsalmi Finnish Cup win MXD<\/p>\r\n<p class=\"font_7 wixui-rich-text__text\">2019 Sampo Rainio Finnish Cup win MXJ<br class=\"wixui-rich-text__text\" \/>2018 Saku Mansikkam\u00e4ki junior team MM MX65 2.<\/p>\r\n<p class=\"font_7 wixui-rich-text__text\">2018 Hanna Mertsalmi Finnish Cup victory MXD<\/p>\r\n<p class=\"font_7 wixui-rich-text__text\">2018 Sampo Rainio Finnish championship MX85<br class=\"wixui-rich-text__text\" \/>2017 Sampo Rainio Finnish Championship MX85<br class=\"wixui-rich-text__text\" \/>2017 Saku Mansikkam\u00e4ki MX league championship MX65<\/p>\r\n<p class=\"font_7 wixui-rich-text__text\">\u00a0<\/p>\r\n<p class=\"font_7 wixui-rich-text__text\">2021 Jere Haavisto MX Open MX2<\/p>\r\n<p class=\"font_7 wixui-rich-text__text\">2021 Jere Haavisto MXON<\/p>\r\n<p class=\"font_7 wixui-rich-text__text\">2019, 2020, 2022 Jere Haavisto MXGP<br class=\"wixui-rich-text__text\" \/>2019 Sampo Rainio EMX125<br class=\"wixui-rich-text__text\" \/>2015, 2016 Jere Haavisto EMX250<\/p>\r\n<p class=\"font_7 wixui-rich-text__text\">2015 Jere Haavisto MX2 class 3.<\/p>\r\n<p class=\"font_7 wixui-rich-text__text\">2014 Jere Haavisto EMX 150 series\u00a0<\/p>\r\n<\/div>\r\n<div id=\"comp-lobgybo1\" class=\"KcpHeO tz5f0K comp-lobgybo1 wixui-rich-text\" data-testid=\"richTextElement\">\u00a0<\/div>\r\n<p>&nbsp;<\/p>\r\n<p>&nbsp;<\/p>\r\n<p>Myymme ja huollamme iskunvaimentimet laadukkaasti ja ammattitaidolla koko Suomessa.<\/p>\r\n<p><strong>Peltola Racing Service<\/strong> tarjoaa yksil\u00f6llist\u00e4 palvelua sek\u00e4 kilpa- ett\u00e4 harrastajakuljettajille.<\/p>\r\n<p>Toimipisteemme sijaitsevat Porvoossa ja Yl\u00f6j\u00e4rvell\u00e4, mutta huoltoautomme palvelee tarvittaessa ymp\u00e4ri Suomea.<\/p>\r\n<p>Peltola Racing Service on koulutettu Hollannissa 2008 ja olemme tehneet siit\u00e4 l\u00e4htien tiivist\u00e4 yhteisty\u00f6t\u00e4\u00a0<a href=\"http:\/\/reigersuspension.com\/driven-by-the-ambition-to-be-the-best\/ENG\/motor\/\">Reiger Suspension<\/a>\u00a0kanssa. Olemme valtuutettu Reiger myynti ja huolto (Motocross, Quads, Sidecar, Ralli, Trial).<\/p>\r\n<p>2013 alkoi yhteisty\u00f6 Adriani Groupin kanssa, jolloin k\u00e4vimme my\u00f6s Offroad ja Road iskunvaimentimien huoltokoulutuksen Italiassa ( \u00d6hlins,\u00a0WP, Showa, KYB ).<\/p>\r\n<p>2016 aloitimme yhteisty\u00f6n <a href=\"http:\/\/www.lainersuspension.com\/en\/\">Lainer Suspension<\/a>\u00a0kanssa. Olemme valtuutettu Lainer Suspension myynti ja huolto.<\/p>\r\n<p>2017 Saimme koulutusta Beta iskunvaimentimiin Beta factory team<\/p>\r\n<p>Teemme my\u00f6s yhteisty\u00f6t\u00e4 Tecnical Touch kanssa.<\/p>\r\n<p>2019 Olimme viikon koulutuksessa <a href=\"http:\/\/www.bos-suspension.com\/\">Bos Suspension<\/a> tehtaalla ja aloimme tuoda merkki\u00e4 maahan. Teemme tiivist\u00e4 yhteisty\u00f6t\u00e4 Bos mekaanikkojen kanssa.<\/p>\r\n<p>&nbsp;<\/p>\r\n<p>Teemme yhteisty\u00f6t\u00e4 kaudella 2021 ja 2022 Silve <a href=\"https:\/\/www.facebook.com\/silveracing\/\">Racing<\/a> teamin kanssa<\/p>\r\n<p class=\"font_7 wixui-rich-text__text\">Track record:<br class=\"wixui-rich-text__text\" \/>2023 Sampo Rainio Finnish Championship MX2<\/p>\r\n<p class=\"font_7 wixui-rich-text__text\">2023 EMX250\u00a0 European Championship 5th<\/p>\r\n<p class=\"font_7 wixui-rich-text__text\">2023 Hanna Mertsalmi Finnish championship MXD<\/p>\r\n<p class=\"font_7 wixui-rich-text__text\">2022 Jere Haavisto Finnish championship MX1<br class=\"wixui-rich-text__text\" \/>2022 Indrek M\u00e4gi Swedish championship series 3. MX1<\/p>\r\n<p class=\"font_7 wixui-rich-text__text\">2021 Saku Mansikkam\u00e4ki Finnish championship MX85<\/p>\r\n<p class=\"font_7 wixui-rich-text__text\">2020 Viktor Lepp\u00e4l\u00e4 Finnish championship MX65<br class=\"wixui-rich-text__text\" \/>2020 Saku Mansikkam\u00e4ki SM MX85 2.<br class=\"wixui-rich-text__text\" \/>2019 Hanna Mertsalmi Finnish Cup win MXD<\/p>\r\n<p class=\"font_7 wixui-rich-text__text\">2019 Sampo Rainio Finnish Cup win MXJ<br class=\"wixui-rich-text__text\" \/>2018 Saku Mansikkam\u00e4ki junior team MM MX65 2.<\/p>\r\n<p class=\"font_7 wixui-rich-text__text\">2018 Hanna Mertsalmi Finnish Cup victory MXD<\/p>\r\n<p class=\"font_7 wixui-rich-text__text\">2018 Sampo Rainio Finnish championship MX85<br class=\"wixui-rich-text__text\" \/>2017 Sampo Rainio Finnish Championship MX85<br class=\"wixui-rich-text__text\" \/>2017 Saku Mansikkam\u00e4ki MX league championship MX65<\/p>\r\n<p class=\"font_7 wixui-rich-text__text\">\u00a0<\/p>\r\n<p class=\"font_7 wixui-rich-text__text\">2021 Jere Haavisto MX Open MX2<\/p>\r\n<p class=\"font_7 wixui-rich-text__text\">2021 Jere Haavisto MXON<\/p>\r\n<p class=\"font_7 wixui-rich-text__text\">2019, 2020, 2022 Jere Haavisto MXGP<br class=\"wixui-rich-text__text\" \/>2019 Sampo Rainio EMX125<br class=\"wixui-rich-text__text\" \/>2015, 2016 Jere Haavisto EMX250<\/p>\r\n<p class=\"font_7 wixui-rich-text__text\">2015 Jere Haavisto MX2 class 3.<\/p>\r\n<p class=\"font_7 wixui-rich-text__text\">2014 Jere Haavisto EMX 150 series\u00a0<\/p>\r\n<p>&nbsp;<\/p>\r\n<h2><strong>Welcome to BOS authorized suspension service center<\/strong><\/h2>\r\n<p><strong>Authorized BOS mtb, trial, sidecar &amp; motocross suspension servicing is on our daily schedule basis. We can also service, upgrade, repair, and tune a suspension set-up to suit your discipline, riding style and terrain.\u00a0<\/strong><\/p>\r\n<p><strong>We were trained by BOS engineers in Toulouse, BOS factory. We are fully equipped with BOS factory tools and loads of service parts including AMX1 andAMX3 oils.<\/strong><\/p>\r\n<p>&nbsp;<\/p>\r\n<p><strong>Tarjoamme:<\/strong><\/p>\r\n<p>&nbsp;<\/p>\r\n<ul>\r\n<li>Valtuutettu\u00a0<a href=\"http:\/\/reigersuspension.com\/driven-by-the-ambition-to-be-the-best\/ENG\/motor\/\" target=\"_blank\" rel=\"noopener\">Reiger Suspension<\/a>\u00a0iskunvaimennin huolto<\/li>\r\n<li>Valtuutettu\u00a0 <a href=\"http:\/\/www.bos-suspension.com\/\">Bos Suspension<\/a> iskunvaimennin huolto ja maahantuonti<\/li>\r\n<li>Valtuutettu\u00a0<a href=\"http:\/\/www.lainersuspension.com\/en\/\" target=\"_blank\" rel=\"noopener\">Lainer Suspension<\/a>\u00a0iskunvaimennin huolto<\/li>\r\n<li>Yhteisty\u00f6 Tecnical Touch kanssa ( KYB)<\/li>\r\n<li>Yhteisty\u00f6 Adriani Group kanssa (\u00d6hlins, WP, Showa )<\/li>\r\n<li>Huoltoautomme tulee my\u00f6s tarvittaessa radoille tekem\u00e4\u00e4n yksil\u00f6llist\u00e4 s\u00e4\u00e4t\u00f6ty\u00f6t\u00e4.<\/li>\r\n<\/ul>\r\n<p>&nbsp;<\/p>\r\n\r\n<p>&nbsp;<\/p>\r\n","protected":false},"excerpt":{"rendered":"<p>The rider\u00b4s second hand\u00a0 Do you need help improving the suspension of your motocross bike? Suspension is a crucial factor for both safety and performance. The expert Mika Peltola from The North MX Alliance can assist you in selecting the perfect suspension system tailored to your specific needs. \u00a0 You can trust Mika&#8217;s extensive expertise [&hellip;]<\/p>\n","protected":false},"author":1,"featured_media":171,"parent":0,"menu_order":0,"comment_status":"closed","ping_status":"closed","template":"","meta":[],"yoast_head":"<!-- This site is optimized with the Yoast SEO plugin v20.10 - https:\/\/yoast.com\/wordpress\/plugins\/seo\/ -->\n<title>Palvelut - Peltola Racing Service iskunvaimentimet<\/title>\n<meta name=\"robots\" content=\"index, follow, max-snippet:-1, max-image-preview:large, max-video-preview:-1\" \/>\n<link rel=\"canonical\" href=\"https:\/\/www.peltolaracingservice.fi\/?page_id=98\" \/>\n<meta property=\"og:locale\" content=\"fi_FI\" \/>\n<meta property=\"og:type\" content=\"article\" \/>\n<meta property=\"og:title\" content=\"Palvelut - Peltola Racing Service iskunvaimentimet\" \/>\n<meta property=\"og:description\" content=\"The rider\u00b4s second hand\u00a0 Do you need help improving the suspension of your motocross bike? Suspension is a crucial factor for both safety and performance. The expert Mika Peltola from The North MX Alliance can assist you in selecting the perfect suspension system tailored to your specific needs. \u00a0 You can trust Mika&#8217;s extensive expertise [&hellip;]\" \/>\n<meta property=\"og:url\" content=\"https:\/\/www.peltolaracingservice.fi\/?page_id=98\" \/>\n<meta property=\"og:site_name\" content=\"Peltola Racing Service iskunvaimentimet\" \/>\n<meta property=\"article:publisher\" content=\"https:\/\/www.facebook.com\/peltolaracingservice\/\" \/>\n<meta property=\"article:modified_time\" content=\"2023-10-30T16:57:13+00:00\" \/>\n<meta property=\"og:image\" content=\"https:\/\/www.peltolaracingservice.fi\/wp-content\/uploads\/2018\/01\/Image-11.1.2018-at-14.33.jpg\" \/>\n\t<meta property=\"og:image:width\" content=\"1280\" \/>\n\t<meta property=\"og:image:height\" content=\"568\" \/>\n\t<meta property=\"og:image:type\" content=\"image\/jpeg\" \/>\n<meta name=\"twitter:card\" content=\"summary_large_image\" \/>\n<meta name=\"twitter:label1\" content=\"Arvioitu lukuaika\" \/>\n\t<meta name=\"twitter:data1\" content=\"6 minuuttia\" \/>\n<script type=\"application\/ld+json\" class=\"yoast-schema-graph\">{\"@context\":\"https:\/\/schema.org\",\"@graph\":[{\"@type\":\"WebPage\",\"@id\":\"https:\/\/www.peltolaracingservice.fi\/?page_id=98\",\"url\":\"https:\/\/www.peltolaracingservice.fi\/?page_id=98\",\"name\":\"Palvelut - Peltola Racing Service iskunvaimentimet\",\"isPartOf\":{\"@id\":\"https:\/\/www.peltolaracingservice.fi\/#website\"},\"datePublished\":\"2018-01-10T21:17:29+00:00\",\"dateModified\":\"2023-10-30T16:57:13+00:00\",\"breadcrumb\":{\"@id\":\"https:\/\/www.peltolaracingservice.fi\/?page_id=98#breadcrumb\"},\"inLanguage\":\"fi\",\"potentialAction\":[{\"@type\":\"ReadAction\",\"target\":[\"https:\/\/www.peltolaracingservice.fi\/?page_id=98\"]}]},{\"@type\":\"BreadcrumbList\",\"@id\":\"https:\/\/www.peltolaracingservice.fi\/?page_id=98#breadcrumb\",\"itemListElement\":[{\"@type\":\"ListItem\",\"position\":1,\"name\":\"Home\",\"item\":\"https:\/\/www.peltolaracingservice.fi\/\"},{\"@type\":\"ListItem\",\"position\":2,\"name\":\"Palvelut\"}]},{\"@type\":\"WebSite\",\"@id\":\"https:\/\/www.peltolaracingservice.fi\/#website\",\"url\":\"https:\/\/www.peltolaracingservice.fi\/\",\"name\":\"Peltola Racing Service iskunvaimentimet\",\"description\":\"\",\"publisher\":{\"@id\":\"https:\/\/www.peltolaracingservice.fi\/#organization\"},\"potentialAction\":[{\"@type\":\"SearchAction\",\"target\":{\"@type\":\"EntryPoint\",\"urlTemplate\":\"https:\/\/www.peltolaracingservice.fi\/?s={search_term_string}\"},\"query-input\":\"required name=search_term_string\"}],\"inLanguage\":\"fi\"},{\"@type\":\"Organization\",\"@id\":\"https:\/\/www.peltolaracingservice.fi\/#organization\",\"name\":\"Peltola Racing Service iskunvaimentimet\",\"url\":\"https:\/\/www.peltolaracingservice.fi\/\",\"logo\":{\"@type\":\"ImageObject\",\"inLanguage\":\"fi\",\"@id\":\"https:\/\/www.peltolaracingservice.fi\/#\/schema\/logo\/image\/\",\"url\":\"https:\/\/www.peltolaracingservice.fi\/wp-content\/uploads\/2018\/01\/cropped-N\u00e4ytt\u00f6kuva-2015-1-5-kello-20.42.49.jpg\",\"contentUrl\":\"https:\/\/www.peltolaracingservice.fi\/wp-content\/uploads\/2018\/01\/cropped-N\u00e4ytt\u00f6kuva-2015-1-5-kello-20.42.49.jpg\",\"width\":266,\"height\":110,\"caption\":\"Peltola Racing Service iskunvaimentimet\"},\"image\":{\"@id\":\"https:\/\/www.peltolaracingservice.fi\/#\/schema\/logo\/image\/\"},\"sameAs\":[\"https:\/\/www.facebook.com\/peltolaracingservice\/\"]}]}<\/script>\n<!-- \/ Yoast SEO plugin. -->","yoast_head_json":{"title":"Palvelut - Peltola Racing Service iskunvaimentimet","robots":{"index":"index","follow":"follow","max-snippet":"max-snippet:-1","max-image-preview":"max-image-preview:large","max-video-preview":"max-video-preview:-1"},"canonical":"https:\/\/www.peltolaracingservice.fi\/?page_id=98","og_locale":"fi_FI","og_type":"article","og_title":"Palvelut - Peltola Racing Service iskunvaimentimet","og_description":"The rider\u00b4s second hand\u00a0 Do you need help improving the suspension of your motocross bike? Suspension is a crucial factor for both safety and performance. The expert Mika Peltola from The North MX Alliance can assist you in selecting the perfect suspension system tailored to your specific needs. \u00a0 You can trust Mika&#8217;s extensive expertise [&hellip;]","og_url":"https:\/\/www.peltolaracingservice.fi\/?page_id=98","og_site_name":"Peltola Racing Service iskunvaimentimet","article_publisher":"https:\/\/www.facebook.com\/peltolaracingservice\/","article_modified_time":"2023-10-30T16:57:13+00:00","og_image":[{"width":1280,"height":568,"url":"https:\/\/www.peltolaracingservice.fi\/wp-content\/uploads\/2018\/01\/Image-11.1.2018-at-14.33.jpg","type":"image\/jpeg"}],"twitter_card":"summary_large_image","twitter_misc":{"Arvioitu lukuaika":"6 minuuttia"},"schema":{"@context":"https:\/\/schema.org","@graph":[{"@type":"WebPage","@id":"https:\/\/www.peltolaracingservice.fi\/?page_id=98","url":"https:\/\/www.peltolaracingservice.fi\/?page_id=98","name":"Palvelut - Peltola Racing Service iskunvaimentimet","isPartOf":{"@id":"https:\/\/www.peltolaracingservice.fi\/#website"},"datePublished":"2018-01-10T21:17:29+00:00","dateModified":"2023-10-30T16:57:13+00:00","breadcrumb":{"@id":"https:\/\/www.peltolaracingservice.fi\/?page_id=98#breadcrumb"},"inLanguage":"fi","potentialAction":[{"@type":"ReadAction","target":["https:\/\/www.peltolaracingservice.fi\/?page_id=98"]}]},{"@type":"BreadcrumbList","@id":"https:\/\/www.peltolaracingservice.fi\/?page_id=98#breadcrumb","itemListElement":[{"@type":"ListItem","position":1,"name":"Home","item":"https:\/\/www.peltolaracingservice.fi\/"},{"@type":"ListItem","position":2,"name":"Palvelut"}]},{"@type":"WebSite","@id":"https:\/\/www.peltolaracingservice.fi\/#website","url":"https:\/\/www.peltolaracingservice.fi\/","name":"Peltola Racing Service iskunvaimentimet","description":"","publisher":{"@id":"https:\/\/www.peltolaracingservice.fi\/#organization"},"potentialAction":[{"@type":"SearchAction","target":{"@type":"EntryPoint","urlTemplate":"https:\/\/www.peltolaracingservice.fi\/?s={search_term_string}"},"query-input":"required name=search_term_string"}],"inLanguage":"fi"},{"@type":"Organization","@id":"https:\/\/www.peltolaracingservice.fi\/#organization","name":"Peltola Racing Service iskunvaimentimet","url":"https:\/\/www.peltolaracingservice.fi\/","logo":{"@type":"ImageObject","inLanguage":"fi","@id":"https:\/\/www.peltolaracingservice.fi\/#\/schema\/logo\/image\/","url":"https:\/\/www.peltolaracingservice.fi\/wp-content\/uploads\/2018\/01\/cropped-N\u00e4ytt\u00f6kuva-2015-1-5-kello-20.42.49.jpg","contentUrl":"https:\/\/www.peltolaracingservice.fi\/wp-content\/uploads\/2018\/01\/cropped-N\u00e4ytt\u00f6kuva-2015-1-5-kello-20.42.49.jpg","width":266,"height":110,"caption":"Peltola Racing Service iskunvaimentimet"},"image":{"@id":"https:\/\/www.peltolaracingservice.fi\/#\/schema\/logo\/image\/"},"sameAs":["https:\/\/www.facebook.com\/peltolaracingservice\/"]}]}},"_links":{"self":[{"href":"https:\/\/www.peltolaracingservice.fi\/index.php?rest_route=\/wp\/v2\/pages\/98"}],"collection":[{"href":"https:\/\/www.peltolaracingservice.fi\/index.php?rest_route=\/wp\/v2\/pages"}],"about":[{"href":"https:\/\/www.peltolaracingservice.fi\/index.php?rest_route=\/wp\/v2\/types\/page"}],"author":[{"embeddable":true,"href":"https:\/\/www.peltolaracingservice.fi\/index.php?rest_route=\/wp\/v2\/users\/1"}],"replies":[{"embeddable":true,"href":"https:\/\/www.peltolaracingservice.fi\/index.php?rest_route=%2Fwp%2Fv2%2Fcomments&post=98"}],"version-history":[{"count":54,"href":"https:\/\/www.peltolaracingservice.fi\/index.php?rest_route=\/wp\/v2\/pages\/98\/revisions"}],"predecessor-version":[{"id":1074,"href":"https:\/\/www.peltolaracingservice.fi\/index.php?rest_route=\/wp\/v2\/pages\/98\/revisions\/1074"}],"wp:featuredmedia":[{"embeddable":true,"href":"https:\/\/www.peltolaracingservice.fi\/index.php?rest_route=\/wp\/v2\/media\/171"}],"wp:attachment":[{"href":"https:\/\/www.peltolaracingservice.fi\/index.php?rest_route=%2Fwp%2Fv2%2Fmedia&parent=98"}],"curies":[{"name":"wp","href":"https:\/\/api.w.org\/{rel}","templated":true}]}}